{"id":767,"date":"2024-01-18T17:27:28","date_gmt":"2024-01-18T16:27:28","guid":{"rendered":"https:\/\/ibizaprivatedriver.taxi\/asesoramiento-juridico\/"},"modified":"2024-08-13T16:36:10","modified_gmt":"2024-08-13T14:36:10","slug":"asesoramiento-juridico","status":"publish","type":"page","link":"https:\/\/ibizaprivatedriver.taxi\/es\/asesoramiento-juridico\/","title":{"rendered":"Asesoramiento jur\u00eddico"},"content":{"rendered":"\n<h2 class=\"wp-block-heading\" id=\"datos-fiscales\">Datos fiscales<\/h2>\n\n<ul class=\"wp-block-list\">\n<li>Titular:  City Van Transfers SL<\/li>\n\n\n\n<li>NIF:  B87361101<\/li>\n\n\n\n<li>Direcci\u00f3n:  C\/ Cerrajera 1, 5-D Mondragon , Gipuzkoa 20500<\/li>\n\n\n\n<li>Tel\u00e9fono:  645 722 524<\/li>\n<\/ul>\n\n<h2 class=\"wp-block-heading\" id=\"proteccion-de-datos-personales\">Protecci\u00f3n de datos personales<\/h2>\n\n<p>Los datos de car\u00e1cter personal que se recogen a trav\u00e9s de la p\u00e1gina web, son \u00fanicamente utilizados a efectos de prestar los servicios solicitados as\u00ed como proceder a la facturaci\u00f3n de los mismos. Sus datos ser\u00e1n ubicados en ficheros titularidad de <strong>Transferandco S.L.<\/strong> a efectos de facturaci\u00f3n y ser\u00e1n archivados por el periodo de tiempo legalmente necesario. Usted podr\u00e1 ejercer los derechos de acceso, rectificaci\u00f3n, cancelaci\u00f3n y oposici\u00f3n por escrito a <strong>\n  <strong>Transferandco S.L.<\/strong>\n<\/strong> en <strong>Comtes de Bell Lloc, 150, 08014 Barcelona<\/strong>.<\/p>\n\n<h2 class=\"wp-block-heading\" id=\"propiedad-intelectual-y-responsabilidad-sobre-los-contenidos\">Propiedad intelectual y responsabilidad sobre los contenidos<\/h2>\n\n<p>Queda prohibido cualquier uso de todos los contenidos de la p\u00e1gina web, concretamente sobre los textos, dise\u00f1o y c\u00f3digo fuente, sin la autorizaci\u00f3n expresa de sus titulares. Cualquier uso no permitido ser\u00e1 debidamente perseguido por los leg\u00edtimos propietarios.<\/p>\n\n<p>El titular de la p\u00e1gina web no se hace responsable de los contenidos<\/p>\n","protected":false},"excerpt":{"rendered":"<p>Datos fiscales Protecci\u00f3n de datos personales Los datos de car\u00e1cter personal que se recogen a trav\u00e9s de la p\u00e1gina web, son \u00fanicamente utilizados a efectos de prestar los servicios solicitados as\u00ed como proceder a la facturaci\u00f3n de los mismos. Sus datos ser\u00e1n ubicados en ficheros titularidad de Transferandco S.L. a efectos de facturaci\u00f3n y ser\u00e1n [&hellip;]<\/p>\n","protected":false},"author":2,"featured_media":0,"parent":0,"menu_order":0,"comment_status":"closed","ping_status":"closed","template":"","meta":{"_acf_changed":false,"footnotes":""},"class_list":["post-767","page","type-page","status-publish","hentry"],"acf":[],"_links":{"self":[{"href":"https:\/\/ibizaprivatedriver.taxi\/es\/wp-json\/wp\/v2\/pages\/767","targetHints":{"allow":["GET"]}}],"collection":[{"href":"https:\/\/ibizaprivatedriver.taxi\/es\/wp-json\/wp\/v2\/pages"}],"about":[{"href":"https:\/\/ibizaprivatedriver.taxi\/es\/wp-json\/wp\/v2\/types\/page"}],"author":[{"embeddable":true,"href":"https:\/\/ibizaprivatedriver.taxi\/es\/wp-json\/wp\/v2\/users\/2"}],"replies":[{"embeddable":true,"href":"https:\/\/ibizaprivatedriver.taxi\/es\/wp-json\/wp\/v2\/comments?post=767"}],"version-history":[{"count":2,"href":"https:\/\/ibizaprivatedriver.taxi\/es\/wp-json\/wp\/v2\/pages\/767\/revisions"}],"predecessor-version":[{"id":1226,"href":"https:\/\/ibizaprivatedriver.taxi\/es\/wp-json\/wp\/v2\/pages\/767\/revisions\/1226"}],"wp:attachment":[{"href":"https:\/\/ibizaprivatedriver.taxi\/es\/wp-json\/wp\/v2\/media?parent=767"}],"curies":[{"name":"wp","href":"https:\/\/api.w.org\/{rel}","templated":true}]}}

Asesoramiento jurídico

<h2 class="wp-block-heading" id="datos-fiscales">Datos fiscales</h2>

<ul class="wp-block-list">
<li>Titular:  City Van Transfers SL</li>



<li>NIF:  B87361101</li>



<li>Dirección:  C/ Cerrajera 1, 5-D Mondragon , Gipuzkoa 20500</li>



<li>Teléfono:  645 722 524</li>
</ul>

<h2 class="wp-block-heading" id="proteccion-de-datos-personales">Protección de datos personales</h2>

<p>Los datos de carácter personal que se recogen a través de la página web, son únicamente utilizados a efectos de prestar los servicios solicitados así como proceder a la facturación de los mismos. Sus datos serán ubicados en ficheros titularidad de <strong>Transferandco S.L.</strong> a efectos de facturación y serán archivados por el periodo de tiempo legalmente necesario. Usted podrá ejercer los derechos de acceso, rectificación, cancelación y oposición por escrito a <strong>
  <strong>Transferandco S.L.</strong>
</strong> en <strong>Comtes de Bell Lloc, 150, 08014 Barcelona</strong>.</p>

<h2 class="wp-block-heading" id="propiedad-intelectual-y-responsabilidad-sobre-los-contenidos">Propiedad intelectual y responsabilidad sobre los contenidos</h2>

<p>Queda prohibido cualquier uso de todos los contenidos de la página web, concretamente sobre los textos, diseño y código fuente, sin la autorización expresa de sus titulares. Cualquier uso no permitido será debidamente perseguido por los legítimos propietarios.</p>

<p>El titular de la página web no se hace responsable de los contenidos</p>

<p>Datos fiscales Protección de datos personales Los datos de carácter personal que se recogen a través de la página web, son únicamente utilizados a efectos de prestar los servicios solicitados así como proceder a la facturación de los mismos. Sus datos serán ubicados en ficheros titularidad de Transferandco S.L. a efectos de facturación y serán [&hellip;]</p>
